4 + -1?
10403
In base 16, what is 9 + f00?
f09
In base 8, what is 1512 - 5?
1505
In base 9, what is -238 + -2?
-241
In base 8, what is -50 - -10?
-40
In base 3, what is 112 - -22002?
22121
In base 6, what is 1342 - -10?
1352
In base 12, what is -1 + -1499?
-149a
In base 8, what is 3 + -262?
-257
In base 9, what is 1 - -202?
203
In base 6, what is -12500 - 4?
-12504
In base 11, what is 19 - 5a?
-41
In base 5, what is 11 + 101424?
101440
In base 12, what is -4 + 2535?
2531
In base 3, what is -20 - -1011202?
1011112
In base 9, what is -12 + -1211?
-1223
In base 2, what is 10 - 10101101?
-10101011
In base 4, what is 1011 - -32?
1103
In base 7, what is -3 - -26?
23
In base 8, what is 3775 - 4?
3771
In base 5, what is -1223 + 4?
-1214
In base 6, what is -2254 - -4?
-2250
In base 12, what is 1 - -22?
23
In base 6, what is -145 - -13?
-132
In base 15, what is -1 - d5e?
-d60
In base 16, what is 53 + bd?
110
In base 11, what is -2a + 1?
-29
In base 2, what is -100010111 + -100?
-100011011
In base 9, what is -73 - 4?
-77
In base 6, what is -5 - -332?
323
In base 8, what is 7 - 114?
-105
In base 4, what is 11110 - -101?
11211
In base 3, what is 101 - 101?
0
In base 3, what is 12 + 12200?
12212
In base 13, what is 11 + 2?
13
In base 16, what is 2 - 636?
-634
In base 10, what is -830 + -5?
-835
In base 5, what is -2102 + 3?
-2044
In base 15, what is -9 + -18?
-22
In base 10, what is -28 + 175?
147
In base 11, what is -2 - 28?
-2a
In base 3, what is 22120 + 120?
100010
In base 12, what is -2 + 20a?
208
In base 2, what is -10 + 1000?
110
In base 14, what is 0 - 6?
-6
In base 15, what is 2 + a1?
a3
In base 10, what is -36 + -134?
-170
In base 16, what is -6b - 4?
-6f
In base 15, what is 1 - 5?
-4
In base 8, what is -32 + 3?
-27
In base 5, what is 23 + 2?
30
In base 9, what is 133 - -3?
136
In base 16, what is 32 - 62?
-30
In base 5, what is -2432 - 1?
-2433
In base 4, what is -223 - 123?
-1012
In base 7, what is -105643 + -2?
-105645
In base 14, what is -1 + 57?
56
In base 11, what is -3878 + -3?
-3880
In base 5, what is 4 - 403?
-344
In base 9, what is -10 - -12?
2
In base 10, what is -6 - 3054?
-3060
In base 16, what is 5 - 15?
-10
In base 6, what is 4 - 433?
-425
In base 6, what is -1351 - -1?
-1350
In base 3, what is -10112 + 12?
-10100
In base 2, what is -1101 + -1010010?
-1011111
In base 5, what is 22 + 11?
33
In base 12, what is -8 + -937?
-943
In base 3, what is 1122 - -10110?
12002
In base 11, what is 1a7 + 4?
200
In base 12, what is 3 - -182?
185
In base 13, what is c6 + 6?
cc
In base 8, what is -4677 - -2?
-4675
In base 13, what is -4 + -271?
-275
In base 10, what is 0 - -41?
41
In base 5, what is -1430 + 11?
-1414
In base 3, what is -100 + 120?
20
In base 16, what is 4 + 23a?
23e
In base 7, what is 0 + 42?
42
In base 8, what is -4 - -33?
27
In base 6, what is 44 - -133?
221
In base 10, what is -94 + 96?
2
In base 2, what is -101 - -11111110?
11111001
In base 13, what is 21 + -2?
1c
In base 5, what is 1234 + 1?
1240
In base 16, what is 3f6 - 3?
3f3
In base 8, what is 3 + 3224?
3227
In base 13, what is -15 + -17?
-2c
In base 12, what is -4 + -18?
-20
In base 16, what is 2 - -70c?
70e
In base 2, what is -1111100100 - -1100?
-1111011000
In base 13, what is 85 - 27?
5b
In base 7, what is -4 - -113?
106
In base 12, what is -4b + -5?
-54
In base 4, what is -112 + -3120?
-3232
In base 15, what is -2 - -a6?
a4
In base 6, what is -4 - -34?
30
In base 13, what is 6 + 3b?
44
In base 10, what is 143 - -5?
148
In base 5, what is -3 + 311?
303
In base 2, what is 11 - 110?
-11
In base 8, what is 3 - -2?
5
In base 15, what is 9 + -3?
6
In base 2, what is -1 + 11100011?
11100010
In base 13, what is -10 - -5?
-8
In base 3, what is -1 - -2220?
2212
In base 6, what is 5 - 133?
-124
In base 2, what is -11 - 10100?
-10111
In base 11, what is 57 + 2?
59
In base 6, what is -1 - 24?
-25
In base 13, what is -33 + 30?
-3
In base 3, what is -1 - 1102?
-1110
In base 8, what is 2363 + 5?
2370
In base 12, what is 1a9 - 5?
1a4
In base 6, what is 221 + 3?
224
In base 3, what is 12 - -1102?
1121
In base 4, what is 300232 + 0?
300232
In base 12, what is 2ba - -18?
316
In base 6, what is 3 + 54?
101
In base 10, what is 5 - -1250?
1255
In base 6, what is -2 + 12304?
12302
In base 11, what is 12 - a?
3
In base 3, what is -121022202 - 12?
-121022221
In base 3, what is 120201 + 10?
120211
In base 16, what is -673 - 3?
-676
In base 5, what is 4 - 11321?
-11312
In base 13, what is c + -5?
7
In base 4, what is -131 + 0?
-131
In base 6, what is 243 - -54?
341
In base 14, what is 2 - -126?
128
In base 11, what is 203 + -1?
202
In base 8, what is 63 + 15?
100
In base 2, what is 1000000 - 10101?
101011
In base 15, what is 3d - -11?
4e
In base 15, what is -c + b?
-1
In base 13, what is c4 + b?
102
In base 13, what is 20 - 10?
10
In base 11, what is 2 - -4345?
4347
In base 16, what is -2 + -3cc?
-3ce
In base 5, what is -10 + 131?
121
In base 6, what is -1 + -12435?
-12440
In base 3, what is -1 + 221120?
221112
In base 10, what is -338 + 2?
-336
In base 10, what is -13248 - 2?
-13250
In base 10, what is -4 + -25?
-29
In base 3, what is -211 + -12?
-1000
In base 11, what is 946 + 7?
952
In base 15, what is 9d2 + 3?
9d5
In base 4, what is -2 + 1233?
1231
In base 11, what is 0 + -247?
-247
In base 13, what is 119 + 2?
11b
In base 7, what is 30 - -31?
61
In base 11, what is -3a8 - 2?
-3aa
In base 7, what is 16313 + -3?
16310
In base 2, what is -100100 - 110?
-101010
In base 11, what is 27 - -156?
182
In base 4, what is 22210 + -10?
22200
In base 3, what is 0 - 222202?
-222202
In base 13, what is 3 - 9?
-6
In base 12, what is 18 - a?
a
In base 13, what is 51 + -80?
-2c
In base 5, what is -2 + 440?
433
In base 2, what is -11010101 + 101?
-11010000
In base 7, what is -24 - 5?
-32
In base 10, what is -18282 - 0?
-18282
In base 9, what is -3 - 1355?
-1358
In base 3, what is 211012 - 1?
211011
In base 13, what is -739 + -3?
-73c
In base 14, what is 5 + -16?
-11
In base 16, what is 2 + 24?
26
In base 3, what is 2111211 + -11?
2111200
In base 15, what is -b77 + -1?
-b78
In base 13, what is 5 - -11?
16
In base 12, what is 9a - -b?
a9
In base 10, what is -107 - -24?
-83
In base 14, what is -1b + -49?
-66
In base 14, what is 4 - 57?
-53
In base 8, what is -242 - -16?
-224
In base 15, what is -11c1 - 3?
-11c4
In base 14, what is 11 + 2?
13
In base 12, what is -5 - -45?
40
In base 9, what is 2324 - -2?
2326
In base 5, what is -3 - -23?
20
In base 3, what is 10 - 121?
-111
In base 11, what is 154 - 2?
152
In base 13, what is -5 + 801?
7c9
In base 7, what is 315 - -221?
536
In base 10, what is -80 + -5?
-85
In base 2, what is -1 + -1101111?
-1110000
In base 3, what is -1002111 + -122?
-1010010
In base 4, what is 10 + -22?
-12
In base 2, what is 1111 + 101111?
111110
In base 13, what is -13 - -2?
-11
In base 14, what is -1d - b?
-2a
In base 12, what is -2a12 + 3?
-2a0b
In base 6, what is 10 - -23?
33
In base 7, what is 13 + -532?
-516
In base 15, what is 2 - -4?
6
In base 12, what is 4 - 1225?
-1221
In base 10, what is -5 + -38?
-43
In base 9, what is -5 + -1806?
-1812
In base 14, what is -20 - 104?
-124
In base 8, what is -10 + -107?
-117
In base 11, what is 1 + -1a47?
-1a46
In base 10, what is -228 - -7?
-221
In base 9, what is 3600 + -4?
3585
In base 13, what is 1 - -1b?
1c
In base 2, what is 1 + -1001010?
-1001001
In base 13, what is 512 - 5?
50a
In base 16, what is 1 - f13?
-f12
In base 7, what is -4 + 2413?
2406
In base 8, what is 5 - 157?
-152
In base 11, what is 48 + -7?
41
In base 15, what is 1 - -62?
63
In base 2, what is -1 + -1001100?
-1001101
In base 11, what is 5 - 4?
1
In base 10, what is -868 + 5?
-863
In base 10, what is 903 + 0?
903
In base 9, what is -24 + 6?
-17
In base 10, what is -2 + 3283?
3281
In base 7, what is -1 - 24?
-25
In base 10, what is -264 - 4?
-268
In base 6, what is 202 + -5?
153
In base 6, what is -2425 + -1?
-2430
In base 4, what is -11 - 11221?
-11232
In base 11, what is 0 - 886?
-886
In base 10, what is -1529 - 0?
-1529
In base 6, what is -3244 + 10?
-3234
In base 6, what is 1 - 23210?
-23205
In base 4, what is 301 + 1?
302
In base 9, what is 54 + 3?
57
In base 11, what is 1 + -72?
-71
In base 6, what is -122 - -1555?
1433
In base 3, what is -1 - -11121?
11120
In base 6, wh